Suppose 3*n - 19 = 2*f, n = 4*f - o + 3. Calculate the remainder when 18 is divided by n.
4
Let f(b) = -b**3 + 8*b**2 + 9. Let c be (-2)/4*(-1 - -1). Suppose -3*u + 8*u - 40 = c. Calculate the remainder when 16 is divided by f(u).
7
Suppose 2*k + 23 = 75. What is the remainder when k is divided by 7?
5
Let y = 33 + -11. Calculate the remainder when y is divided by 8.
6
Let y = 48 - 29. Calculate the remainder when y is divided by 10.
9
Let k(d) = 3*d**2 - d + 2. Calculate the remainder when k(-4) is divided by 14.
12
Suppose -5*i = 31 + 14. Let f = 12 + i. Calculate the remainder when 3 is divided by f.
0
Let f be 10/25 - 86/(-10). Let k = 31 - f. Calculate the remainder when (1 - -127)*5/10 is divided by k.
20
Let i = -169 + 244. Calculate the remainder when i is divided by 19.
18
Suppose 3*l + 31 = 109. What is the remainder when l is divided by 10?
6
Let l(i) be the second derivative of i**4/12 - 11*i**3/6 + 13*i**2/2 - 4*i. What is the remainder when 2/2*(8 - 1) is divided by l(10)?
1
Suppose 0 = -3*y + y - 2*f + 96, -5*y + f = -270. Let k = 48 + -21. Calculate the remainder when y is divided by k.
26
Suppose 5*v - 20 = 5*h, -h + 0*h = -3*v + 14. Let c = -109 + 123. What is the remainder when c is divided by v?
4
Let z(b) = 3*b**2 + 3*b - 3. Let j be -4 + 2 + 0 + 3. Calculate the remainder when z(2) is divided by -8*1*(0 - j).
7
Suppose 0 = 2*p - 6*p + 4. Suppose 0 = -2*y + t - p, -4*y + 5*t - 5 = -2*y. Suppose 4*j - 27 + 7 = y. Calculate the remainder when 13 is divided by j.
3
Let p = -10 - -7. Let n = p - -5. Suppose 6*k - 64 = n*k. Calculate the remainder when k is divided by 9.
7
Let x = 16 - 4. Calculate the remainder when 23 is divided by x.
11
Suppose 2*g - 17 = -4*t + 51, 2*g - 62 = -2*t. What is the remainder when g is divided by 15?
13
Suppose 15 = 2*t + 3*t. Calculate the remainder when 31 is divided by 13 - (6/t - 0).
9
Let b = 70 + -59. What is the remainder when b is divided by 4?
3
Let r(m) = m**3 - 5*m**2 + 7*m - 2. What is the remainder when r(5) is divided by (196/49)/((-8)/(-18))?
6
Let g(d) = -d - 2. Let f be g(-5). Let y(u) = -u**2 - u**2 - u**2 + 2*u**3 + 1 - 4*u. Calculate the remainder when 31 is divided by y(f).
15
Let a(v) be the second derivative of 5*v**4/12 + v**3/6 + 3*v**2/2 + 6*v. Calculate the remainder when a(-3) is divided by 16.
13
Suppose -17*v + 414 = -419. Suppose 5*a - 43 = 42. Calculate the remainder when v is divided by a.
15
Suppose -2*i = -7*i - 5. Let m(d) = -4*d**3 + d. What is the remainder when 5 is divided by m(i)?
2
Suppose -d + 0*u + 7 = -u, -4*d = -u - 22. Suppose -d*w + 308 = -2*r, 3*r = w - 0*w - 59. What is the remainder when w is divided by 13?
10
Let i be ((-2)/5)/(3/(-180)). Let x = i + -9. Calculate the remainder when 58 is divided by x.
13
Suppose a - 3 - 12 = 0. Suppose -3*t + 3 = -a. Calculate the remainder when 10 is divided by t.
4
Let s(z) = 2*z**2 + 4*z - 2. Let b be s(-3). Suppose b*i - 3*i - 3 = 0. What is the remainder when 7 is divided by i?
1
Let g = 1 + -7. Let m = g + 8. Suppose -m*f = -0*f - 20. Calculate the remainder when 28 is divided by f.
8
Let h = 47 + 57. What is the remainder when h is divided by 18?
14
What is the remainder when 74 is divided by ((-52)/(-18)*-3)/(2/(-6))?
22
Let o(l) be the third derivative of -l**4/24 - l**3/3 + l**2. Let m be 4/24 + 37/(-6). What is the remainder when o(m) is divided by 2?
0
Suppose -3 = -3*x, 2*w + x - 46 = 3*x. Calculate the remainder when 93 is divided by w.
21
Let f = 5 - -4. Calculate the remainder when 26 is divided by f.
8
Suppose 157 + 41 = 3*h. Let z = h - 35. Calculate the remainder when 59 is divided by z.
28
Suppose 0*n - 4*n = 4*z + 116, 4*n + 5*z = -115. Let g = -14 - n. What is the remainder when g is divided by 6?
4
Let a = -55 - -122. Suppose 4*l = a + 113. What is the remainder when 42 is divided by (-2)/((-6)/l + 0)?
12
Let y = -24 + 61. Calculate the remainder when y is divided by (-15)/35 - (-94)/7.
11
Calculate the remainder when 43*(-1 + 1 - (-1)/1) is divided by 11.
10
Suppose -3 + 55 = -2*l. Calculate the remainder when 3/(-3)*l/1 is divided by 7.
5
Suppose k - 86 = 4*p, k = -0*k + 2*p + 76. What is the remainder when 65 is divided by (-1)/((21/k)/(-7))?
21
Let l be ((-1)/1)/((-5)/10). Suppose q = -3*i + 53, 3*i - i - 106 = -l*q. Calculate the remainder when q is divided by 18.
17
Let d = -39 - -58. Calculate the remainder when 54 is divided by d.
16
Let x be (2/3)/((-2)/(-66)). Suppose 5*d - 5*o = 84 + 1, 2*d + 2*o - x = 0. What is the remainder when 26 is divided by d?
12
Suppose 0*r = -r + 2. Suppose k + 74 = r*a + a, 4*k = -20. What is the remainder when a is divided by -4 + 0 - (-16)/1?
11
Let n be 42/(-15) + (-1)/5. What is the remainder when -42*-2*(-3)/(-9) is divided by 5/(n/(12/(-2)))?
8
Suppose -3*u = 2*n - 0*n - 15, 0 = n. Suppose 43 = u*p + 243. Let y = 66 + p. What is the remainder when y is divided by 14?
12
Suppose 4*b + 22 - 2 = 0. Let k = 12 + b. Calculate the remainder when 27 is divided by k.
6
Let c = -78 + 140. What is the remainder when c is divided by 5?
2
Let p(v) = -8*v + 5. What is the remainder when p(-10) is divided by 11?
8
Let n = 11 + -7. Suppose -b + 230 = n*b. What is the remainder when b is divided by 16?
14
Suppose 2*k = 4*c - 50, 3*c - 21 = -3*k + 21. Calculate the remainder when c is divided by (-2 + 4/3)*-6.
1
Let g(c) = c**3 - 6*c**2 + 9*c - 8. Let h = 81 + -58. Calculate the remainder when h is divided by g(5).
11
Let x(q) = -3*q + 4. What is the remainder when 31 is divided by x(-5)?
12
Suppose 7*s - 2*s - 2*v = 107, -4*v = -2*s + 46. Calculate the remainder when 56 is divided by s.
14
Let w = -60 + 91. Calculate the remainder when 61 is divided by w.
30
Let i = -1113 + 1589. Suppose b - 5*b + i = 0. Suppose 11 = -4*t + b. What is the remainder when t is divided by 15?
12
Let d(j) = j**2 + 7. Let h be d(5). Calculate the remainder when 21 is divided by 4/12 + h/3.
10
Let l(j) = -j**3 - 5*j**2 - j + 11. What is the remainder when l(-5) is divided by 5?
1
Let n(q) = -21*q - 9. Let u be n(-7). Suppose 20 = -4*o, 5*o = 3*z + 2*o + u. Let i = -3 - z. Calculate the remainder when i is divided by 17.
14
Let d(k) = 2*k**2 + k + 9. Let s be d(7). Suppose -5*v + 3*c + s = c, 3*c + 50 = 2*v. What is the remainder when 42 is divided by v?
20
Suppose z = 15*z - 196. What is the remainder when 23 is divided by z?
9
Let k = -30 + 37. What is the remainder when 13 is divided by k?
6
Suppose 2*i = -2*c + 4*c + 4, 0 = 4*c + 8. Suppose i = 7*m - 2*m - 265. Calculate the remainder when m is divided by 14.
11
Let b = -36 - -42. Suppose 3*r = r + 6. Calculate the remainder when b is divided by r.
0
Let y be (0 - 1)*(-69)/3. Let q = -9 + y. What is the remainder when q is divided by 5?
4
Let l(r) = 3*r**2 + 4*r - 4. Calculate the remainder when l(3) is divided by 19.
16
Suppose 3*h = -4*n - 24 + 10, -3*n = -2*h + 19. Let w be 369/12 - 6/8. Suppose h*x - w = -x. Calculate the remainder when 18 is divided by x.
8
Let l(u) = -2*u**2 - 17*u - 16. What is the remainder when 6 is divided by l(-7)?
1
Suppose 3*r = -2*f + 69, 5*r - 111 = -2*f - 0*f. What is the remainder when 40 is divided by r?
19
What is the remainder when 15 is divided by (-4)/14 + (237/21 - 4)?
1
Let g be ((-4)/6)/((-10)/135). Let z = g + -3. Calculate the remainder when z is divided by 4.
2
Let j(x) = -x**3 - x**2 + x - 2. Let m be j(0). What is the remainder when 50 is divided by m/5 - (-134)/10?
11
Let r = 34 - -12. What is the remainder when r is divided by 16?
14
Suppose -2*p + 35 - 3 = 0. What is the remainder when 63 is divided by p?
15
Suppose 4*q - 2*z - 46 = 0, q - 14 = 4*z - z. Suppose 14 = 2*f + 2*a, -f - 3*a = -0*f - q. Calculate the remainder when (6/(-4))/(6/(-56)) is divided by f.
4
Let o = 5 + 21. Let j(l) = l**3 - l**2 + 75. What is the remainder when j(0) is divided by o?
23
Let n(a) = -3*a - 2 + 1 - 7*a - 2. What is the remainder when n(-2) is divided by 6?
5
Let l(f) = -3*f**3 + 6*f**2 - f + 2*f**3 + 0*f**2 - 4. What is the remainder when 70 is divided by l(4)?
22
Let k be 122/4*(-1 - -3). Let a = -38 + k. What is the remainder when a is divided by 12?
11
Let u(h) = -h**2 + 5*h. Let q be u(5). Suppose q = -4*v + 71 + 13. Calculate the remainder when 59 is divided by v.
17
Let p = -44 - -92.